{"id":24,"date":"2009-05-12T20:59:20","date_gmt":"2009-05-12T23:59:20","guid":{"rendered":"http:\/\/sperandio2009.wordpress.com\/?page_id=24"},"modified":"2021-01-28T12:34:52","modified_gmt":"2021-01-28T15:34:52","slug":"nossa-origem2","status":"publish","type":"page","link":"https:\/\/sperandio.org\/index.php\/home\/nossa-origem2\/","title":{"rendered":"Nossa Origem: \u00abPremissas da Emigra\u00e7\u00e3o\u00bb"},"content":{"rendered":"\t\t<div data-elementor-type=\"wp-page\" data-elementor-id=\"24\" class=\"elementor elementor-24\">\n\t\t\t\t\t\t<section class=\"elementor-section elementor-top-section elementor-element elementor-element-c7543b1 elementor-section-boxed elementor-section-height-default elementor-section-height-default\" data-id=\"c7543b1\" data-element_type=\"section\" data-e-type=\"section\">\n\t\t\t\t\t\t<div class=\"elementor-container elementor-column-gap-default\">\n\t\t\t\t\t<div class=\"elementor-column elementor-col-100 elementor-top-column elementor-element elementor-element-1f4854e\" data-id=\"1f4854e\" data-element_type=\"column\" data-e-type=\"column\">\n\t\t\t<div class=\"elementor-widget-wrap elementor-element-populated\">\n\t\t\t\t\t\t<div class=\"elementor-element elementor-element-7ea8534 elementor-widget elementor-widget-text-editor\" data-id=\"7ea8534\" data-element_type=\"widget\" data-e-type=\"widget\" data-widget_type=\"text-editor.default\">\n\t\t\t\t<div class=\"elementor-widget-container\">\n\t\t\t\t\t\t\t\t\t<h3 class=\"has-text-align-center\">ERASMO SPERANDIO<\/h3><h2 class=\"has-text-align-center\">\u00abOrigens Hist\u00f3ricas e Descendentes\u00bb<\/h2><p class=\"has-text-align-center\"><em>Pouso Redondo \u2013 Outubro de 2004<\/em><\/p><h4 class=\"has-text-align-center\">\u00abPremissas da Emigra\u00e7\u00e3o\u00bb<\/h4><div><p class=\"has-text-align-center\">Ir. Joaquim SPERANDIO<\/p><\/div>\t\t\t\t\t\t\t\t<\/div>\n\t\t\t\t<\/div>\n\t\t\t\t\t<\/div>\n\t\t<\/div>\n\t\t\t\t\t<\/div>\n\t\t<\/section>\n\t\t\t\t<section class=\"elementor-section elementor-top-section elementor-element elementor-element-4d2d3df elementor-section-boxed elementor-section-height-default elementor-section-height-default\" data-id=\"4d2d3df\" data-element_type=\"section\" data-e-type=\"section\">\n\t\t\t\t\t\t<div class=\"elementor-container elementor-column-gap-default\">\n\t\t\t\t\t<div class=\"elementor-column elementor-col-100 elementor-top-column elementor-element elementor-element-1a4bb73\" data-id=\"1a4bb73\" data-element_type=\"column\" data-e-type=\"column\">\n\t\t\t<div class=\"elementor-widget-wrap elementor-element-populated\">\n\t\t\t\t\t\t<div class=\"elementor-element elementor-element-d3a4b50 elementor-widget elementor-widget-text-editor\" data-id=\"d3a4b50\" data-element_type=\"widget\" data-e-type=\"widget\" data-widget_type=\"text-editor.default\">\n\t\t\t\t<div class=\"elementor-widget-container\">\n\t\t\t\t\t\t\t\t\t<p class=\"has-drop-cap\">Para explicar e compreender a emigra\u00e7\u00e3o dos nossos antepassados do continente europeu para a Am\u00e9rica, \u00e9 preciso voltar no tempo. Al\u00e9m de causas secund\u00e1rias, dois fatos hist\u00f3ricos influ\u00edram decididamente no fluxo migrat\u00f3rio: O in\u00edcio do capitalismo e o fim da sociedade camponesa no Trentino.<\/p><blockquote class=\"wp-block-quote\"><p><em>\u201cO advento do sistema capitalista de produ\u00e7\u00e3o e de tudo o que consigo traria: o revezamento de classes diferentes na condu\u00e7\u00e3o da social civil e pol\u00edtica, uma mudan\u00e7a profunda do sistema econ\u00f4mico e uma consequente mudan\u00e7a do modo de viver do homem, das estruturas em que se organiza, no seu modo de trabalhar, repousar, consumir, reconstruir, mas tamb\u00e9m no seu modo de pensar a si mesmo, a Divindade, o universo.\u201d<\/em><\/p><\/blockquote><p>Esta transforma\u00e7\u00e3o econ\u00f4mica trouxe a reordena\u00e7\u00e3o das rela\u00e7\u00f5es socio-pol\u00edticas entre as v\u00e1rias \u00e1reas geogr\u00e1ficas na Europa, desenvolvendo um \u201cCentro\u201d (Inglaterra, Fran\u00e7a e parte da Alemanha) e uma \u201cPeriferia\u201d, com os demais pa\u00edses. A emigra\u00e7\u00e3o foi fen\u00f4meno que atingiu a todos. O \u201cCentro\u201d, racionalizando sua agricultura, expulsava camponeses de seus campos. Com a for\u00e7a de penetra\u00e7\u00e3o de suas mercadorias e do novo modelo de vida, enfraquecia as economias perif\u00e9ricas, desenvolvendo a emigra\u00e7\u00e3o nestas regi\u00f5es. Por outro lado, o \u201cCentro\u201d necessitava de novos mercados de abastecimento de mat\u00e9rias-primas e de novas \u00e1reas de escoamento de seus produtos.<\/p><p>A Am\u00e9rica se povoou aceitando os que foram expulsos das \u00e1reas agr\u00edcolas europ\u00e9ias e organizou sua economia de tal forma que respondesse ao mercado europeu; produtora de materias-primas e consumidora de manufaturados. Especialmente a Am\u00e9rica do Sul, foi preparada para ser uma \u00e1rea dependente econ\u00f4mica e politicamente das exig\u00eancias do centro europeu.<\/p><p>Um segundo fato importante no fluxo migrat\u00f3rio foi o in\u00edcio do fim da sociedade camponesa europ\u00e9ia, que radicada na terra, via nesta um fator de produ\u00e7\u00e3o essencial e \u00fanico. Esta sociedade era centrada no n\u00facleo familiar, com leis internas bem estabelecidas e fortificadas pela prega\u00e7\u00e3o da Igreja Cat\u00f3lica. Uma sociedade permeada de um esp\u00edrito religioso totalizante que conferia as estruturas eclesi\u00e1sticas tarefas administrativas e pol\u00edticas.<\/p><p>At\u00e9 1870, o Trentino, era uma das regi\u00f5es mais pobres da Europa. Era uma sociedade de carater\u00edsticas camponesa em suas estruturas econ\u00f4micas (quase autosuficiente em tudo), e em sua organiza\u00e7\u00e3o social, imperme\u00e1vel as influ\u00eancias externas. A pr\u00f3pria geografia isolava as pessoas em vales estreitos, junto a montanhas altas e cobertas de bosques. As crises que aconteciam eram facilmente superadas atrav\u00e9s de solu\u00e7\u00f5es regionais, apelando para o trabalho ambulante como forma de refor\u00e7ar o or\u00e7amento.<\/p><p>Os anos 70 trouxeram uma crise nova, insol\u00favel pelos m\u00e9todos tradicionais. Seria a oportunidade de mudan\u00e7as estruturais, o que n\u00e3o aconteceu. Ao inv\u00e9s de mudar a sociedade, mudaram de sociedade, reconstru\u00edndo na Am\u00e9rica ou outro lugar qualquer o mesmo tipo de sociedade. O capitalismo propunha a op\u00e7\u00e3o entre: a urbaniza\u00e7\u00e3o e a consequente proletariza\u00e7\u00e3o; a luta para salvar seu modelo social, ou a fuga. Muitos Trentinos, ao contr\u00e1rio de outros povos europeus que preferiram a luta armada, optaram pela emigra\u00e7\u00e3o e pela reconstru\u00e7\u00e3o da sua sociedade em outro ambiente.<\/p><p>A internacionaliza\u00e7\u00e3o da nova ordem econ\u00f4mica trazida pelo novo sistema de produ\u00e7\u00e3o, trouxe problemas par a fraca industria trentina e os setores da agricultura ligados a ind\u00fastria de transforma\u00e7\u00e3o e n\u00e3o dirigidos ao autoconsumo, caso espec\u00edfico do vinho e da seda. O aparecimento de tecidos diferentes na regi\u00e3o fez a ind\u00fastria da seda entrar em crise, estimulando a emigra\u00e7\u00e3o.<\/p><p>A estes motivos, deve-se acrescentar as cat\u00e1strofes naturais, como as enchentes de 1882 e 1885 com preju\u00edzos enormes para toda a regi\u00e3o j\u00e1 enfraquecida economicamente.<\/p><p>Estas desgra\u00e7as naturais trouxeram outras desgra\u00e7as econ\u00f4micas. Aumentaram sensivelmente os impostos para poder fazer frente aos gastos p\u00fablicos e as terras sofreram grande desvaloriza\u00e7\u00e3o pelo grande n\u00famero de pessoas que jogavam suas propriedade no mercado em busca de dinheiro para emigrarem.<\/p><p>Al\u00e9m disso, as leis agr\u00e1rias que regiam os contratos entre meeiros e arrendat\u00e1rios pioravam cada vez mais, gerando clima de descontentamento sempre crescente.<\/p><p>O militarismo reinante na regi\u00e3o tamb\u00e9m teve influ\u00eancias no processo migrat\u00f3rio. Por mais de 700 anos a regi\u00e3o fazia parte do Principado Episcopal. Em 1802 e 1803, a Austria assumiu o controle da regi\u00e3o, governando-a por 115 anos, salvo breves intervalos. Os Trentinos eram uma minoria lingu\u00edstica e cultural em meio a povos alem\u00e3es. Certamente seus intelectuais sempre alimentaram a esperan\u00e7a de unirem-se definitivamente ao Reino da It\u00e1lia, o que aconteceu efetivamente em 1918. Por tudo isso as situa\u00e7\u00f5es de crise pol\u00edtica eram frequentes e o uso da for\u00e7a militar, arregimentada entre os camponeses, tamb\u00e9m.<\/p><p>Causas ligadas a \u201cfilosofia do povo\u201d, a seu modo de sentir a vida, de pens\u00e1-la, tamb\u00e9m contribu\u00edram para desencadear o processo migrat\u00f3rio. A mais importante foi a rebeli\u00e3o do povo contra os detentores do poder pol\u00edtico, econ\u00f4mico e militar, individuada como a causadora de todas as desgra\u00e7as. A Am\u00e9rica e especialmente o Brasil passaram ser a possibilidade de terras abundantes e f\u00e9rteis onde seria poss\u00edvel reconstruir a vida longe dos \u201csiori\u201d sem serem usados pelos militares como bucha de canh\u00e3o.<\/p><p>Finalmente a propaganda dos estados estrangeiros, especialmente dos sul-americanos, foi outra grande causa da escalada migrat\u00f3ria. \u201cA uma classe camponesa cansada e derrotada, martirizada pelo militarismo e esfomeada por terra, estes estados prometiam tanta terra, isen\u00e7\u00f5es militares e bem-estar, al\u00e9m do sonho de poder reconstruir a pr\u00f3pria sociedade em terras virgens e desabitadas, sem nobres nem patr\u00f5es, alheias a novas normas morais e valores que (&#8230;) minavam as bases da sociedade camponesa.\u201d<\/p><p>A vinda para a Am\u00e9rica serviu para muitos como desculpa para refugiar-se no novo continente e assim fugir de pendengas judiciais em suas cidades de origem. Outros ainda buscavam livrar-se do servi\u00e7o militar, vindo para a Am\u00e9rica.<\/p>\t\t\t\t\t\t\t\t<\/div>\n\t\t\t\t<\/div>\n\t\t\t\t\t<\/div>\n\t\t<\/div>\n\t\t\t\t\t<\/div>\n\t\t<\/section>\n\t\t\t\t<\/div>\n\t\t","protected":false},"excerpt":{"rendered":"<p>ERASMO SPERANDIO \u00abOrigens Hist\u00f3ricas e Descendentes\u00bb Pouso Redondo \u2013 Outubro de 2004 \u00abPremissas da Emigra\u00e7\u00e3o\u00bb Ir. Joaquim SPERANDIO Para explicar e compreender a emigra\u00e7\u00e3o dos nossos antepassados do continente europeu [&hellip;]<\/p>\n","protected":false},"author":1,"featured_media":12840,"parent":656,"menu_order":3,"comment_status":"closed","ping_status":"closed","template":"","meta":{"_acf_changed":false,"footnotes":""},"class_list":["post-24","page","type-page","status-publish","has-post-thumbnail","hentry"],"acf":[],"_links":{"self":[{"href":"https:\/\/sperandio.org\/index.php\/wp-json\/wp\/v2\/pages\/24","targetHints":{"allow":["GET"]}}],"collection":[{"href":"https:\/\/sperandio.org\/index.php\/wp-json\/wp\/v2\/pages"}],"about":[{"href":"https:\/\/sperandio.org\/index.php\/wp-json\/wp\/v2\/types\/page"}],"author":[{"embeddable":true,"href":"https:\/\/sperandio.org\/index.php\/wp-json\/wp\/v2\/users\/1"}],"replies":[{"embeddable":true,"href":"https:\/\/sperandio.org\/index.php\/wp-json\/wp\/v2\/comments?post=24"}],"version-history":[{"count":26,"href":"https:\/\/sperandio.org\/index.php\/wp-json\/wp\/v2\/pages\/24\/revisions"}],"predecessor-version":[{"id":8541,"href":"https:\/\/sperandio.org\/index.php\/wp-json\/wp\/v2\/pages\/24\/revisions\/8541"}],"up":[{"embeddable":true,"href":"https:\/\/sperandio.org\/index.php\/wp-json\/wp\/v2\/pages\/656"}],"wp:featuredmedia":[{"embeddable":true,"href":"https:\/\/sperandio.org\/index.php\/wp-json\/wp\/v2\/media\/12840"}],"wp:attachment":[{"href":"https:\/\/sperandio.org\/index.php\/wp-json\/wp\/v2\/media?parent=24"}],"curies":[{"name":"wp","href":"https:\/\/api.w.org\/{rel}","templated":true}]}}